{"id":64,"date":"2023-08-04T18:28:06","date_gmt":"2023-08-04T18:28:06","guid":{"rendered":"https:\/\/lucasdacostamaciel.com\/?page_id=64"},"modified":"2023-09-08T18:42:48","modified_gmt":"2023-09-08T18:42:48","slug":"publications","status":"publish","type":"page","link":"https:\/\/lucasdacostamaciel.com\/index.php\/publications\/","title":{"rendered":"Publications"},"content":{"rendered":"\t\t<div data-elementor-type=\"wp-page\" data-elementor-id=\"64\" class=\"elementor elementor-64\" data-elementor-post-type=\"page\">\n\t\t\t\t<div class=\"elementor-element elementor-element-7b717c8 e-flex e-con-boxed e-con e-parent\" data-id=\"7b717c8\" data-element_type=\"container\">\n\t\t\t\t\t<div class=\"e-con-inner\">\n\t\t<div class=\"elementor-element elementor-element-9924d1a e-flex e-con-boxed e-con e-child\" data-id=\"9924d1a\" data-element_type=\"container\">\n\t\t\t\t\t<div class=\"e-con-inner\">\n\t\t<div class=\"elementor-element elementor-element-aad271e e-flex e-con-boxed e-con e-child\" data-id=\"aad271e\" data-element_type=\"container\" data-settings=\"{&quot;background_background&quot;:&quot;classic&quot;}\">\n\t\t\t\t\t<div class=\"e-con-inner\">\n\t\t\t\t<div class=\"elementor-element elementor-element-c5b6733 elementor-widget elementor-widget-heading\" data-id=\"c5b6733\" data-element_type=\"widget\" data-widget_type=\"heading.default\">\n\t\t\t\t<div class=\"elementor-widget-container\">\n\t\t\t\t\t<h2 class=\"elementor-heading-title elementor-size-default\">PUBLICATIONS<\/h2>\t\t\t\t<\/div>\n\t\t\t\t<\/div>\n\t\t\t\t\t<\/div>\n\t\t\t\t<\/div>\n\t\t\t\t\t<\/div>\n\t\t\t\t<\/div>\n\t\t\t\t<div class=\"elementor-element elementor-element-85aa3e9 elementor-widget elementor-widget-heading\" data-id=\"85aa3e9\" data-element_type=\"widget\" data-widget_type=\"heading.default\">\n\t\t\t\t<div class=\"elementor-widget-container\">\n\t\t\t\t\t<h2 class=\"elementor-heading-title elementor-size-default\">Academic Papers and Book Chapters<\/h2>\t\t\t\t<\/div>\n\t\t\t\t<\/div>\n\t\t<div class=\"elementor-element elementor-element-72eaa98 e-grid e-con-boxed e-con e-child\" data-id=\"72eaa98\" data-element_type=\"container\">\n\t\t\t\t\t<div class=\"e-con-inner\">\n\t\t\t\t<div class=\"elementor-element elementor-element-af09c85 elementor-widget elementor-widget-text-editor\" data-id=\"af09c85\" data-element_type=\"widget\" data-widget_type=\"text-editor.default\">\n\t\t\t\t<div class=\"elementor-widget-container\">\n\t\t\t\t\t\t\t\t\t<p>2022<\/p>\t\t\t\t\t\t\t\t<\/div>\n\t\t\t\t<\/div>\n\t\t\t\t<div class=\"elementor-element elementor-element-4227231 elementor-widget elementor-widget-text-editor\" data-id=\"4227231\" data-element_type=\"widget\" data-widget_type=\"text-editor.default\">\n\t\t\t\t<div class=\"elementor-widget-container\">\n\t\t\t\t\t\t\t\t\t<p>with Zuker, F. O., and G\u00f3mez Mateus, D. P. <a href=\"https:\/\/doi.org\/10.29327\/217579.7.2-3\" target=\"_blank\" rel=\"noopener\">\u201cApresenta\u00e7\u00e3o. Cenas e pensamentos sobre a alteridade e conflitos socioambientais,\u201d<\/a> Revista Wamon.7(2): 43-59.<\/p>\t\t\t\t\t\t\t\t<\/div>\n\t\t\t\t<\/div>\n\t\t\t\t<div class=\"elementor-element elementor-element-3322a70 elementor-widget elementor-widget-text-editor\" data-id=\"3322a70\" data-element_type=\"widget\" data-widget_type=\"text-editor.default\">\n\t\t\t\t<div class=\"elementor-widget-container\">\n\t\t\t\t\t\t\t\t\t<p>2022<\/p>\t\t\t\t\t\t\t\t<\/div>\n\t\t\t\t<\/div>\n\t\t\t\t<div class=\"elementor-element elementor-element-52179d6 elementor-widget elementor-widget-text-editor\" data-id=\"52179d6\" data-element_type=\"widget\" data-widget_type=\"text-editor.default\">\n\t\t\t\t<div class=\"elementor-widget-container\">\n\t\t\t\t\t\t\t\t\t<p>\u201cMilitarizaci\u00f3n y criminalizaci\u00f3n de las autoridades espirituales mapuche: algunas reflexiones sobre el curso de la Guerra Colonial y el vivir bien en el Wajmapu (territorio mapuche).\u201d In: S. K. Zavaleta Hern\u00e1ndez (ed.), <a href=\"https:\/\/www.labiblioteca.com.mx\/product-page\/seguridad-y-desarrollo-riesgos-globales-desigualdades-y-resistencias\" target=\"_blank\" rel=\"noopener\">Seguridad y desarrollo. Riesgos globales, desigualdades y resistencias<\/a> (pp. 41\u201362). Universidad Nacional Aut\u00f3noma de M\u00e9xico.<\/p>\t\t\t\t\t\t\t\t<\/div>\n\t\t\t\t<\/div>\n\t\t\t\t<div class=\"elementor-element elementor-element-0bc2676 elementor-widget elementor-widget-text-editor\" data-id=\"0bc2676\" data-element_type=\"widget\" data-widget_type=\"text-editor.default\">\n\t\t\t\t<div class=\"elementor-widget-container\">\n\t\t\t\t\t\t\t\t\t<p><span style=\"font-weight: 400;\">2021<\/span><\/p>\t\t\t\t\t\t\t\t<\/div>\n\t\t\t\t<\/div>\n\t\t\t\t<div class=\"elementor-element elementor-element-4f592df elementor-widget elementor-widget-text-editor\" data-id=\"4f592df\" data-element_type=\"widget\" data-widget_type=\"text-editor.default\">\n\t\t\t\t<div class=\"elementor-widget-container\">\n\t\t\t\t\t\t\t\t\t<p><a href=\"https:\/\/doi.org\/10.30612\/nty.v9i13.15537\" target=\"_blank\" rel=\"noopener\">\u201cEnsaio Sobre a zarza: monocultura e colonialidade vistas do wajmapu (territ\u00f3rio mapuche).\u201d<\/a> Revista \u00d1anduty, 9(13): 45\u201363.<\/p>\t\t\t\t\t\t\t\t<\/div>\n\t\t\t\t<\/div>\n\t\t\t\t<div class=\"elementor-element elementor-element-9b6e372 elementor-widget elementor-widget-text-editor\" data-id=\"9b6e372\" data-element_type=\"widget\" data-widget_type=\"text-editor.default\">\n\t\t\t\t<div class=\"elementor-widget-container\">\n\t\t\t\t\t\t\t\t\t<p>2021<\/p>\t\t\t\t\t\t\t\t<\/div>\n\t\t\t\t<\/div>\n\t\t\t\t<div class=\"elementor-element elementor-element-357f0ae elementor-widget elementor-widget-text-editor\" data-id=\"357f0ae\" data-element_type=\"widget\" data-widget_type=\"text-editor.default\">\n\t\t\t\t<div class=\"elementor-widget-container\">\n\t\t\t\t\t\t\t\t\t<p>\u201c<a href=\"https:\/\/doi.org\/10.11606\/1678-9857.ra.2021.186659\" target=\"_blank\" rel=\"noopener\">Spivak, p\u00f3s-colonialismo e antropologia: pensar o pensamento e o colonialismo-em-branco dos nossos conceitos.<\/a>\u201d Revista de Antropologia, 64(2), e186659.<\/p>\t\t\t\t\t\t\t\t<\/div>\n\t\t\t\t<\/div>\n\t\t\t\t<div class=\"elementor-element elementor-element-9bec13d elementor-widget elementor-widget-text-editor\" data-id=\"9bec13d\" data-element_type=\"widget\" data-widget_type=\"text-editor.default\">\n\t\t\t\t<div class=\"elementor-widget-container\">\n\t\t\t\t\t\t\t\t\t<p>2021<\/p>\t\t\t\t\t\t\t\t<\/div>\n\t\t\t\t<\/div>\n\t\t\t\t<div class=\"elementor-element elementor-element-ceb7ef5 elementor-widget elementor-widget-text-editor\" data-id=\"ceb7ef5\" data-element_type=\"widget\" data-widget_type=\"text-editor.default\">\n\t\t\t\t<div class=\"elementor-widget-container\">\n\t\t\t\t\t\t\t\t\t<p><a href=\"https:\/\/doi.org\/10.20396\/maloca.v3i00.14906\" target=\"_blank\" rel=\"noopener\">\u201cMundo de formas.\u201d<\/a> Maloca: Revista de Estudos Ind\u00edgenas, 3, e020025.<\/p>\t\t\t\t\t\t\t\t<\/div>\n\t\t\t\t<\/div>\n\t\t\t\t<div class=\"elementor-element elementor-element-5c2e2b4 elementor-widget elementor-widget-text-editor\" data-id=\"5c2e2b4\" data-element_type=\"widget\" data-widget_type=\"text-editor.default\">\n\t\t\t\t<div class=\"elementor-widget-container\">\n\t\t\t\t\t\t\t\t\t<p>2021<\/p>\t\t\t\t\t\t\t\t<\/div>\n\t\t\t\t<\/div>\n\t\t\t\t<div class=\"elementor-element elementor-element-55541d6 elementor-widget elementor-widget-text-editor\" data-id=\"55541d6\" data-element_type=\"widget\" data-widget_type=\"text-editor.default\">\n\t\t\t\t<div class=\"elementor-widget-container\">\n\t\t\t\t\t\t\t\t\t<p>\u201cV\u00f3 preta, neto branco: sobre a brancura bastarda e a reinven\u00e7\u00e3o da ancestralidade\u201d, In: Moraes, A, H. Parra and B. Pereira (ed.). <a href=\"https:\/\/www.pimentalab.net\/wp-content\/uploads\/2021\/12\/Zona_de_Contagio_laboratorio_pandemico_saberes_insurgentes_2021.pdf\" target=\"_blank\" rel=\"noopener\">Zona de Cont\u00e1gio: laborat\u00f3rio pand\u00eamico, saberes insurgentes.<\/a> S\u00e3o Paulo: Tramadora Edi\u00e7\u00f5es, p. 309-329.<\/p>\t\t\t\t\t\t\t\t<\/div>\n\t\t\t\t<\/div>\n\t\t\t\t<div class=\"elementor-element elementor-element-2da15d9 elementor-widget elementor-widget-text-editor\" data-id=\"2da15d9\" data-element_type=\"widget\" data-widget_type=\"text-editor.default\">\n\t\t\t\t<div class=\"elementor-widget-container\">\n\t\t\t\t\t\t\t\t\t<p>2020<\/p>\t\t\t\t\t\t\t\t<\/div>\n\t\t\t\t<\/div>\n\t\t\t\t<div class=\"elementor-element elementor-element-42ac310 elementor-widget elementor-widget-text-editor\" data-id=\"42ac310\" data-element_type=\"widget\" data-widget_type=\"text-editor.default\">\n\t\t\t\t<div class=\"elementor-widget-container\">\n\t\t\t\t\t\t\t\t\t<a href=\"https:\/\/doi.org\/10.29327\/217579.5.1-5\" target=\"_blank\" rel=\"noopener\">\u201cO cuidado das comadres: g\u00eanero e semelhan\u00e7a num contexto nahua.\u201d<\/a> Wamon &#8211; Revista Dos Alunos Do Programa de P\u00f3s-Gradua\u00e7\u00e3o Em Antropologia Social Da Universidade Federal Do Amazonas, 5(1): 63\u201374.\t\t\t\t\t\t\t\t<\/div>\n\t\t\t\t<\/div>\n\t\t\t\t<div class=\"elementor-element elementor-element-5e9b29d elementor-widget elementor-widget-text-editor\" data-id=\"5e9b29d\" data-element_type=\"widget\" data-widget_type=\"text-editor.default\">\n\t\t\t\t<div class=\"elementor-widget-container\">\n\t\t\t\t\t\t\t\t\t<p>2019<\/p>\t\t\t\t\t\t\t\t<\/div>\n\t\t\t\t<\/div>\n\t\t\t\t<div class=\"elementor-element elementor-element-689bf21 elementor-widget elementor-widget-text-editor\" data-id=\"689bf21\" data-element_type=\"widget\" data-widget_type=\"text-editor.default\">\n\t\t\t\t<div class=\"elementor-widget-container\">\n\t\t\t\t\t\t\t\t\t<p>with Carvalho, V. <a href=\"https:\/\/doi.org\/10.52426\/rau.v11i1.276\" target=\"_blank\" rel=\"noopener\">\u201cO qu\u00ea e o como aprender: as crian\u00e7as kalapalo e algumas problematiza\u00e7\u00f5es em torno do conhecimento.\u201d<\/a> Revista de Antropologia Da UFSCar, 11(1): 101\u2013122.<\/p>\t\t\t\t\t\t\t\t<\/div>\n\t\t\t\t<\/div>\n\t\t\t\t<div class=\"elementor-element elementor-element-511b5e4 elementor-widget elementor-widget-text-editor\" data-id=\"511b5e4\" data-element_type=\"widget\" data-widget_type=\"text-editor.default\">\n\t\t\t\t<div class=\"elementor-widget-container\">\n\t\t\t\t\t\t\t\t\t<p>2019<\/p>\t\t\t\t\t\t\t\t<\/div>\n\t\t\t\t<\/div>\n\t\t\t\t<div class=\"elementor-element elementor-element-3bef11c elementor-widget elementor-widget-text-editor\" data-id=\"3bef11c\" data-element_type=\"widget\" data-widget_type=\"text-editor.default\">\n\t\t\t\t<div class=\"elementor-widget-container\">\n\t\t\t\t\t\t\t\t\t<p>with Monachini, V. and T. Pedro. \u201cEncuentros con Brasil&#8230; jugando a representar: la experiencia de una etnograf\u00eda audiovisual con ni\u00f1os Kalapalo.\u201d In: Medina Melgarejo, P. (ed.). <a href=\"http:\/\/200.23.113.59:8080\/jspui\/bitstream\/123456789\/1208\/1\/geografias-infancias-movimientos-sociales.pdf\" target=\"_blank\" rel=\"noopener\">Geograf\u00edas de las infancias y movimientos sociales: dialogar con ni\u00f1os para descolonizar el presente.<\/a> Ciudad de M\u00e9xico: Universidad Pedagogica Nacional.<\/p>\t\t\t\t\t\t\t\t<\/div>\n\t\t\t\t<\/div>\n\t\t\t\t<div class=\"elementor-element elementor-element-af62065 elementor-widget elementor-widget-text-editor\" data-id=\"af62065\" data-element_type=\"widget\" data-widget_type=\"text-editor.default\">\n\t\t\t\t<div class=\"elementor-widget-container\">\n\t\t\t\t\t\t\t\t\t<p>2019<\/p>\t\t\t\t\t\t\t\t<\/div>\n\t\t\t\t<\/div>\n\t\t\t\t<div class=\"elementor-element elementor-element-b884681 elementor-widget elementor-widget-text-editor\" data-id=\"b884681\" data-element_type=\"widget\" data-widget_type=\"text-editor.default\">\n\t\t\t\t<div class=\"elementor-widget-container\">\n\t\t\t\t\t\t\t\t\t<p><a href=\"https:\/\/doi.org\/10.22456\/1982-6524.90413\" target=\"_blank\" rel=\"noopener\">\u201cO fen\u00f4meno colonial entre a bruxaria e a teoria cr\u00edtica. Pensar alian\u00e7as a partir do xamanismo mapuche.\u201d<\/a> Espa\u00e7o Amer\u00edndio, 13(2): 268-290.<\/p>\t\t\t\t\t\t\t\t<\/div>\n\t\t\t\t<\/div>\n\t\t\t\t<div class=\"elementor-element elementor-element-9393be6 elementor-widget elementor-widget-text-editor\" data-id=\"9393be6\" data-element_type=\"widget\" data-widget_type=\"text-editor.default\">\n\t\t\t\t<div class=\"elementor-widget-container\">\n\t\t\t\t\t\t\t\t\t<p>2018<\/p>\t\t\t\t\t\t\t\t<\/div>\n\t\t\t\t<\/div>\n\t\t\t\t<div class=\"elementor-element elementor-element-4e4776d elementor-widget elementor-widget-text-editor\" data-id=\"4e4776d\" data-element_type=\"widget\" data-widget_type=\"text-editor.default\">\n\t\t\t\t<div class=\"elementor-widget-container\">\n\t\t\t\t\t\t\t\t\t<p>with Monachini, V. and T. Pedro. <a href=\"https:\/\/ojs.ifch.unicamp.br\/index.php\/proa\/article\/view\/3215\" target=\"_blank\" rel=\"noopener\">\u201cOsiba Kangamuke &#8211; Vamos l\u00e1, Crian\u00e7ada!\u201d, o audiovisual e o etnogr\u00e1fico em colabora\u00e7\u00e3o.<\/a> PROA &#8211; Revista de Antropologia e Arte, 1(8), 144\u2013158.<\/p>\t\t\t\t\t\t\t\t<\/div>\n\t\t\t\t<\/div>\n\t\t\t\t<div class=\"elementor-element elementor-element-2ff5bf0 elementor-widget elementor-widget-text-editor\" data-id=\"2ff5bf0\" data-element_type=\"widget\" data-widget_type=\"text-editor.default\">\n\t\t\t\t<div class=\"elementor-widget-container\">\n\t\t\t\t\t\t\t\t\t<p>2018<\/p>\t\t\t\t\t\t\t\t<\/div>\n\t\t\t\t<\/div>\n\t\t\t\t<div class=\"elementor-element elementor-element-d2381c0 elementor-widget elementor-widget-text-editor\" data-id=\"d2381c0\" data-element_type=\"widget\" data-widget_type=\"text-editor.default\">\n\t\t\t\t<div class=\"elementor-widget-container\">\n\t\t\t\t\t\t\t\t\t<p><a href=\"https:\/\/doi.org\/10.11606\/issn.2316-9133.v27i1p310-334\" target=\"_blank\" rel=\"noopener\">\u201cCorpo kuilot: homossexualidade, viol\u00eancia sexual e Antropologia.\u201d<\/a> Cadernos de Campo (S\u00e3o Paulo &#8211; 1991), 27(1), 310\u2013334.<\/p>\t\t\t\t\t\t\t\t<\/div>\n\t\t\t\t<\/div>\n\t\t\t\t<div class=\"elementor-element elementor-element-68bed6d elementor-widget elementor-widget-text-editor\" data-id=\"68bed6d\" data-element_type=\"widget\" data-widget_type=\"text-editor.default\">\n\t\t\t\t<div class=\"elementor-widget-container\">\n\t\t\t\t\t\t\t\t\t<p>2016<\/p>\t\t\t\t\t\t\t\t<\/div>\n\t\t\t\t<\/div>\n\t\t\t\t<div class=\"elementor-element elementor-element-d863ac5 elementor-widget elementor-widget-text-editor\" data-id=\"d863ac5\" data-element_type=\"widget\" data-widget_type=\"text-editor.default\">\n\t\t\t\t<div class=\"elementor-widget-container\">\n\t\t\t\t\t\t\t\t\twith Medina Melgarejo, P. <a href=\"https:\/\/periodicos.ufjf.br\/index.php\/edufoco\/article\/view\/19722\" target=\"_blank\" rel=\"noopener\">\u201cInfancia y de\/colonialidad: autor\u00edas y demandas infantiles como subversiones epist\u00e9micas\u201d.<\/a> Educa\u00e7\u00e3o Em Foco, 21(2), 295\u2013332.\t\t\t\t\t\t\t\t<\/div>\n\t\t\t\t<\/div>\n\t\t\t\t<div class=\"elementor-element elementor-element-ef35104 elementor-widget elementor-widget-text-editor\" data-id=\"ef35104\" data-element_type=\"widget\" data-widget_type=\"text-editor.default\">\n\t\t\t\t<div class=\"elementor-widget-container\">\n\t\t\t\t\t\t\t\t\t<p>2016<\/p>\t\t\t\t\t\t\t\t<\/div>\n\t\t\t\t<\/div>\n\t\t\t\t<div class=\"elementor-element elementor-element-1c37c40 elementor-widget elementor-widget-text-editor\" data-id=\"1c37c40\" data-element_type=\"widget\" data-widget_type=\"text-editor.default\">\n\t\t\t\t<div class=\"elementor-widget-container\">\n\t\t\t\t\t\t\t\t\t<p>\u201cEducaci\u00f3n, interculturalidad y justicia social: \u00bfqu\u00e9 relaciones?.\u201d In: Zalvaleta Hern\u00e1ndez, S. K. (ed.). <a href=\"https:\/\/www.researchgate.net\/publication\/296672131_Paz_y_Seguridad_y_Desarrollo_Tomo_V\" target=\"_blank\" rel=\"noopener\">Paz y Seguridad y Desarrollo. Tomo V.<\/a> Ciudad de M\u00e9xico: Universidad Nacional Aut\u00f3noma de M\u00e9xico, p. 199-218.<\/p>\t\t\t\t\t\t\t\t<\/div>\n\t\t\t\t<\/div>\n\t\t\t\t<div class=\"elementor-element elementor-element-71f15e4 elementor-widget elementor-widget-text-editor\" data-id=\"71f15e4\" data-element_type=\"widget\" data-widget_type=\"text-editor.default\">\n\t\t\t\t<div class=\"elementor-widget-container\">\n\t\t\t\t\t\t\t\t\t<p>2016<\/p>\t\t\t\t\t\t\t\t<\/div>\n\t\t\t\t<\/div>\n\t\t\t\t<div class=\"elementor-element elementor-element-63fcbc3 elementor-widget elementor-widget-text-editor\" data-id=\"63fcbc3\" data-element_type=\"widget\" data-widget_type=\"text-editor.default\">\n\t\t\t\t<div class=\"elementor-widget-container\">\n\t\t\t\t\t\t\t\t\t<p>with Medina Melgarejo, P. <a href=\"https:\/\/www.redalyc.org\/articulo.oa?id=59551330006\" target=\"_blank\" rel=\"noopener\">\u201cEntre telescopios y milpas construimos resistencia. Horizontes metodol\u00f3gicos en di\u00e1logo con ni\u00f1os y ni\u00f1as nahuas de la Sierra de Puebla.\u201d<\/a> Argumentos, 29(81): 111-133.<\/p>\t\t\t\t\t\t\t\t<\/div>\n\t\t\t\t<\/div>\n\t\t\t\t<div class=\"elementor-element elementor-element-63b4c5b elementor-widget elementor-widget-text-editor\" data-id=\"63b4c5b\" data-element_type=\"widget\" data-widget_type=\"text-editor.default\">\n\t\t\t\t<div class=\"elementor-widget-container\">\n\t\t\t\t\t\t\t\t\t<p>2016<\/p>\t\t\t\t\t\t\t\t<\/div>\n\t\t\t\t<\/div>\n\t\t\t\t<div class=\"elementor-element elementor-element-46bbfd6 elementor-widget elementor-widget-text-editor\" data-id=\"46bbfd6\" data-element_type=\"widget\" data-widget_type=\"text-editor.default\">\n\t\t\t\t<div class=\"elementor-widget-container\">\n\t\t\t\t\t\t\t\t\t<p>\u201cNi\u00f1ez y territorio. Los y las ni\u00f1as nahuas de Tosepan en la construcci\u00f3n de sus espacios de resistencia.\u201d In: N\u00fa\u00f1ez Pati\u00f1o, K.; Estudillo Becerra, M. L.; Alba Villalobos, C.; Ortelli, P. (ed.). Ni\u00f1ez ind\u00edgena, resistencias y autonom\u00edas: miradas antropol\u00f3gicas en contextos de violencia en Am\u00e9rica Latina.San Crist\u00f3bal de las Casas: Universidad Aut\u00f3noma de Chiapas, p. 201-248.<\/p>\t\t\t\t\t\t\t\t<\/div>\n\t\t\t\t<\/div>\n\t\t\t\t\t<\/div>\n\t\t\t\t<\/div>\n\t\t\t\t<div class=\"elementor-element elementor-element-5e6a5ee elementor-widget elementor-widget-heading\" data-id=\"5e6a5ee\" data-element_type=\"widget\" data-widget_type=\"heading.default\">\n\t\t\t\t<div class=\"elementor-widget-container\">\n\t\t\t\t\t<h2 class=\"elementor-heading-title elementor-size-default\">Book Reviews<\/h2>\t\t\t\t<\/div>\n\t\t\t\t<\/div>\n\t\t<div class=\"elementor-element elementor-element-2649229 e-grid e-con-boxed e-con e-child\" data-id=\"2649229\" data-element_type=\"container\">\n\t\t\t\t\t<div class=\"e-con-inner\">\n\t\t\t\t<div class=\"elementor-element elementor-element-1f373ce elementor-widget elementor-widget-text-editor\" data-id=\"1f373ce\" data-element_type=\"widget\" data-widget_type=\"text-editor.default\">\n\t\t\t\t<div class=\"elementor-widget-container\">\n\t\t\t\t\t\t\t\t\t<p>2021<\/p>\t\t\t\t\t\t\t\t<\/div>\n\t\t\t\t<\/div>\n\t\t\t\t<div class=\"elementor-element elementor-element-a707153 elementor-widget elementor-widget-text-editor\" data-id=\"a707153\" data-element_type=\"widget\" data-widget_type=\"text-editor.default\">\n\t\t\t\t<div class=\"elementor-widget-container\">\n\t\t\t\t\t\t\t\t\t<p><a href=\"https:\/\/www.rau2.ufscar.br\/index.php\/rau\/article\/view\/376\/327\" target=\"_blank\" rel=\"noopener\">Review of Lebner, A. (ed.). 2017. Redescribing Relations: Strathernian Conversations on Ethnography, Knowledge and Politics.<\/a> New York: Berghahn Books. R@U: Revista de Antropologia Social dos Alunos do PPGAS-UFSCAR, 13: 296-303.<\/p>\t\t\t\t\t\t\t\t<\/div>\n\t\t\t\t<\/div>\n\t\t\t\t<div class=\"elementor-element elementor-element-eacd4ca elementor-widget elementor-widget-text-editor\" data-id=\"eacd4ca\" data-element_type=\"widget\" data-widget_type=\"text-editor.default\">\n\t\t\t\t<div class=\"elementor-widget-container\">\n\t\t\t\t\t\t\t\t\t<p>2020<\/p>\t\t\t\t\t\t\t\t<\/div>\n\t\t\t\t<\/div>\n\t\t\t\t<div class=\"elementor-element elementor-element-adcb29c elementor-widget elementor-widget-text-editor\" data-id=\"adcb29c\" data-element_type=\"widget\" data-widget_type=\"text-editor.default\">\n\t\t\t\t<div class=\"elementor-widget-container\">\n\t\t\t\t\t\t\t\t\t<p><a href=\"https:\/\/doi.org\/10.20396\/maloca.v3i00.13484\" target=\"_blank\" rel=\"noopener\">Review of Garcia, U. Cr\u00f4nicas de ca\u00e7a e cria\u00e7\u00e3o.<\/a> S\u00e3o Paulo: Editora Hedra; Fapesp, 2018. Maloca: Revista de Estudos Ind\u00edgenas, 3: e020012.<\/p>\t\t\t\t\t\t\t\t<\/div>\n\t\t\t\t<\/div>\n\t\t\t\t<div class=\"elementor-element elementor-element-ed333f5 elementor-widget elementor-widget-text-editor\" data-id=\"ed333f5\" data-element_type=\"widget\" data-widget_type=\"text-editor.default\">\n\t\t\t\t<div class=\"elementor-widget-container\">\n\t\t\t\t\t\t\t\t\t<p>2019<\/p>\t\t\t\t\t\t\t\t<\/div>\n\t\t\t\t<\/div>\n\t\t\t\t<div class=\"elementor-element elementor-element-347c8ae elementor-widget elementor-widget-text-editor\" data-id=\"347c8ae\" data-element_type=\"widget\" data-widget_type=\"text-editor.default\">\n\t\t\t\t<div class=\"elementor-widget-container\">\n\t\t\t\t\t\t\t\t\t<p><a href=\"http:\/\/dx.doi.org\/10.1590\/1678-49442019v25n1p271\" target=\"_blank\" rel=\"noopener\">Review of de la Cadena, M.; Blaser, M. (ed.). 2018. A world of many worlds.<\/a> Durham: Duke University Press. 224 pp. Revista Mana 25: 271-275.<\/p>\t\t\t\t\t\t\t\t<\/div>\n\t\t\t\t<\/div>\n\t\t\t\t<div class=\"elementor-element elementor-element-dfe9880 elementor-widget elementor-widget-text-editor\" data-id=\"dfe9880\" data-element_type=\"widget\" data-widget_type=\"text-editor.default\">\n\t\t\t\t<div class=\"elementor-widget-container\">\n\t\t\t\t\t\t\t\t\t<p>2018<\/p>\t\t\t\t\t\t\t\t<\/div>\n\t\t\t\t<\/div>\n\t\t\t\t<div class=\"elementor-element elementor-element-57302d7 elementor-widget elementor-widget-text-editor\" data-id=\"57302d7\" data-element_type=\"widget\" data-widget_type=\"text-editor.default\">\n\t\t\t\t<div class=\"elementor-widget-container\">\n\t\t\t\t\t\t\t\t\t<p><a href=\"https:\/\/www.academia.edu\/37191894\/FERNANDES_Estev\u00e3o_Rafael_ARISI_Barbara_M_2017_Gay_Indians_in_Brazil_Untold_Stories_of_the_Colonization_of_Indigenous_Sexualities_Cham_Springer_International_Publishing_81_pp\" target=\"_blank\" rel=\"noopener\">Review of Fernandes, E. R.; Arisi, B. M. 2017. Gay Indians in Brazil: Untold Stories of the Colonization of Indigenous Sexualities.<\/a> Cham: Springer International Publishing, in R@U: Revista de Antropologia Social dos Alunos do PPGAS-UFSCAR, v. 10, p. 424-431.<\/p>\t\t\t\t\t\t\t\t<\/div>\n\t\t\t\t<\/div>\n\t\t\t\t\t<\/div>\n\t\t\t\t<\/div>\n\t\t\t\t\t<\/div>\n\t\t\t\t<\/div>\n\t\t\t\t<\/div>\n\t\t","protected":false},"excerpt":{"rendered":"<p>PUBLICATIONS Academic Papers and Book Chapters 2022 with Zuker, F. O., and G\u00f3mez Mateus, D. P. \u201cApresenta\u00e7\u00e3o. Cenas e pensamentos sobre a alteridade e conflitos socioambientais,\u201d Revista Wamon.7(2): 43-59. 2022 \u201cMilitarizaci\u00f3n y criminalizaci\u00f3n de las autoridades espirituales mapuche: algunas reflexiones sobre el curso de la Guerra Colonial y el vivir bien en el Wajmapu (territorio [&hellip;]<\/p>\n","protected":false},"author":1,"featured_media":0,"parent":0,"menu_order":0,"comment_status":"closed","ping_status":"closed","template":"elementor_header_footer","meta":{"footnotes":""},"class_list":["post-64","page","type-page","status-publish","hentry"],"_links":{"self":[{"href":"https:\/\/lucasdacostamaciel.com\/index.php\/wp-json\/wp\/v2\/pages\/64","targetHints":{"allow":["GET"]}}],"collection":[{"href":"https:\/\/lucasdacostamaciel.com\/index.php\/wp-json\/wp\/v2\/pages"}],"about":[{"href":"https:\/\/lucasdacostamaciel.com\/index.php\/wp-json\/wp\/v2\/types\/page"}],"author":[{"embeddable":true,"href":"https:\/\/lucasdacostamaciel.com\/index.php\/wp-json\/wp\/v2\/users\/1"}],"replies":[{"embeddable":true,"href":"https:\/\/lucasdacostamaciel.com\/index.php\/wp-json\/wp\/v2\/comments?post=64"}],"version-history":[{"count":7,"href":"https:\/\/lucasdacostamaciel.com\/index.php\/wp-json\/wp\/v2\/pages\/64\/revisions"}],"predecessor-version":[{"id":201,"href":"https:\/\/lucasdacostamaciel.com\/index.php\/wp-json\/wp\/v2\/pages\/64\/revisions\/201"}],"wp:attachment":[{"href":"https:\/\/lucasdacostamaciel.com\/index.php\/wp-json\/wp\/v2\/media?parent=64"}],"curies":[{"name":"wp","href":"https:\/\/api.w.org\/{rel}","templated":true}]}}